-- phpMyAdmin SQL Dump
-- version 4.9.3
-- https://www.phpmyadmin.net/
--
-- Host: localhost:8889
-- Generation Time: Jul 21, 2020 at 11:31 AM
-- Server version: 5.7.26
-- PHP Version: 7.4.2

SET SQL_MODE = "NO_AUTO_VALUE_ON_ZERO";
SET time_zone = "+00:00";


/*!40101 SET @OLD_CHARACTER_SET_CLIENT=@@CHARACTER_SET_CLIENT */;
/*!40101 SET @OLD_CHARACTER_SET_RESULTS=@@CHARACTER_SET_RESULTS */;
/*!40101 SET @OLD_COLLATION_CONNECTION=@@COLLATION_CONNECTION */;
/*!40101 SET NAMES utf8mb4 */;

--
-- Database: `fundacion_emplea`
--

-- --------------------------------------------------------

--
-- Table structure for table `adminacceso`
--

CREATE TABLE `adminacceso` (
  `id` int(10) NOT NULL,
  `nombre` varchar(20) COLLATE utf8_spanish2_ci NOT NULL,
  `clave` varchar(20) COLLATE utf8_spanish2_ci NOT NULL
) ENGINE=InnoDB DEFAULT CHARSET=utf8 COLLATE=utf8_spanish2_ci;

--
-- Dumping data for table `adminacceso`
--

INSERT INTO `adminacceso` (`id`, `nombre`, `clave`) VALUES
(1, 'jon', 'emplea123');

-- --------------------------------------------------------

--
-- Table structure for table `agentes`
--

CREATE TABLE `agentes` (
  `id_agentes` int(3) UNSIGNED NOT NULL,
  `agentes_imagen` varchar(250) COLLATE utf8_spanish2_ci NOT NULL,
  `agentes_nombre` varchar(250) COLLATE utf8_spanish2_ci NOT NULL,
  `agentes_des` varchar(250) COLLATE utf8_spanish2_ci NOT NULL
) ENGINE=InnoDB DEFAULT CHARSET=utf8 COLLATE=utf8_spanish2_ci;

--
-- Dumping data for table `agentes`
--

INSERT INTO `agentes` (`id_agentes`, `agentes_imagen`, `agentes_nombre`, `agentes_des`) VALUES
(1, 'rsbc.png', 'Royal Society of Blind Children', 'Líderes y coordinadores del proyecto'),
(2, 'emplea.png', 'Fundación Emplea', 'Diseño de guía de buenas prácticas'),
(3, 'qprint.jpg', 'Q-Print Services', 'Evaluación del proyecto'),
(4, 'aa.png', 'Aguas de Alicante', 'Promotora del proyecto'),
(5, 'hidraqua.jpg', 'Hidraqua\r\n', 'Promotora del proyecto'),
(6, 'unialicante.png\r\n', 'Universidad de Alicante', 'Promotora del proyecto'),
(7, 'informacion.jpg', 'Diario Información', 'Difusión del proyecto'),
(8, 'Adacea.jpg', 'ADACEA\r\n', 'Beneficiaria'),
(9, 'hemper.png', 'Hemper', 'Beneficiaria'),
(10, 'koiki.png', 'Koiki', 'Beneficiaria'),
(11, 'ama.jpg', 'AMA Made In Cielo', 'Beneficiaria'),
(12, 'babilon.png', 'Asociación Babilón', 'Beneficiaria'),
(13, 'cream.png', 'Cream Prime', 'Beneficiaria'),
(14, 'aytoalicante.jpg', 'Ayuntamiento de Alicante', 'Mediante la concejalía de\r\nFomento y Empleo'),
(15, 'persona.jpg', 'Vicente Guerola Blay', 'Investigador del Instituto Universitario de Restauración del Patrimonio de la Universidad Politécnica de Valencia y coordinador del proyecto CARNVAL.'),
(16, 'persona.jpg', 'Pierre Guérin', 'Técnico de enlace del Europa\r\nCreativa, sede Valencia'),
(17, 'persona.jpg', 'Esther Melo', 'Bailarina, periodista y gestora cultural. Coordinadora del proyecto Islotes en Red, proyecto coordinador desde Proyecto Inestable'),
(18, 'unialicante.png', 'Universidad de Alicante', 'Promotora del proyecto'),
(19, 'nazaret.jpg', 'Nazaret', 'Red de centros que impactan a nivel nacional en ámbitos de juventud y exclusión, entre otros ámbitos.'),
(20, 'babilon.png', 'Asociación Babilon', 'Asociación local de Ibi que trabaja con personas con discapacidad intelectual también en el ámbito del Empleo'),
(21, 'a.jpg', 'Agencia de la Energía', 'Oficina provincial de Alicante para la gestión de actuaciones sobre energía en la Provincia de Alicante'),
(22, 'islasbaleares.jpg', 'Agencia de Turismo de las Islas Baleares', 'España'),
(23, 'easpd.png', 'EASPD: La Asociación Europea de Proveedores de Servicios para Personas con Discapacidad', 'Europa'),
(24, 'letonia.jpg', 'Asociación “Movimiento de Letonia para la vida independiente”', 'Letonia'),
(25, 'etb.png', 'Escuela de Turismo de Baleares', 'España'),
(26, 'mestieri.png', 'Mestieri Lombardia', 'Italia'),
(27, 'enat.png', 'ENAT', 'Bélgica'),
(28, 'baskforall.jpg', 'Bask for all', 'España'),
(29, 'nas.jpg', '\r\nNational Alliance for Social Responsibility', 'Bulgaria'),
(30, 'nhtv.png', 'NHTV Breda University of Applied Sciences', 'Países Bajos'),
(31, 'navarroempleo.jpg', 'Servicio Navarro de Empleo', 'Encargado de las prestaciones públicas sobre el empleo del Sistema Nacional de Empleo en la Comunidad Foral de Navarra.'),
(32, 'plenainclusion.jpg', 'Plena Inclusión región de Murcia', 'Representa al movimiento familiar Plena inclusión en la Comunidad Autónoma de la Región de Murcia.'),
(33, 'impulsalicante.jpg', 'Agencia de Desarrollo Local de Alicante', 'Promotor y financiador del programa'),
(34, 'genion.png', 'Genion', 'Empresa ejecutora del programa formativo y de mentorías de todo el año'),
(35, 'bidashop.jpg', 'Bidashop', 'Asociación de comercios de Bidasoa, han participando en el centro de interés'),
(36, 'varias.jpg', 'Empresas colaboradoras', 'Dieron la posibilidad para realizar las prácticas laborales de los usuarios'),
(37, 'easpd.png', 'EASPD: La Asociación Europea de Proveedores de Servicios para Personas con Discapacidad', 'Organización paraguas europea sin ánimo de lucro que actualmente re- presenta más de 12.000 servicios sociales y de salud para personas con discapacidad.'),
(38, 'ladapt.jpg', 'LADAPT: Asociación para la Inclu- sión Social y Profesional de Las Personas con Discapacidad de Francia', 'Organización potente y con gran peso en toda Francia. Líderes del proyecto.'),
(39, 'scuolaviva.png', 'SCUOLA VIVA: Centro de Rehabilitación Territorial en Roma', 'iscapacidad intelectual, rehabilitación neurológica, ortopédica, vascular, terapia del habla, neuropsicomotrici- dad. Socio del proyecto italiano.'),
(40, 'diputacionalicante.png', 'Diputación de Alicante', 'Coordina el Programa'),
(41, 'aytoalicante.jpg', 'Ayuntamiento de Alicante', 'Aportan participación política'),
(42, 'aytoalcoly.jpg', 'Ayuntamiento de Alcoy', 'Aportan participación política y colaboración en la organización de la jornada'),
(43, 'aytorihue.jpg', 'Ayuntamiento de Orihuela', 'Aportan expertos e instalaciones'),
(44, 'villaheroica.jpg', 'Ayuntamiento de Calpe', 'Aportan expertos, instalaciones y colaboración en la organización de la jornada'),
(45, 'aytobenidorm.jpg', 'Ayuntamiento de Benidorm', 'Aportan expertos e instalaciones, participación política y colaboración en la organización de la jornada'),
(46, 'elda.png', 'Ayuntamiento de Elda', 'Aportan expertos, instalaciones y colabo- ración en la organización de la jornada'),
(47, 'te.jpg', 'Teknahi', 'Empresa especializada en la metodología de la ciencia ciudadana, nuestros colaboradores, y responsables de la dinamización de las jornadas.'),
(48, 'orihuela.png', 'Facultad de ciencias sociales\r\ny jurídicas de Orihuela', 'Aportan expertos e instalaciones'),
(49, 'cipfp.png', 'Cip FP Valle de Elda', 'Aportan expertos e instalaciones y colaboración en la organización de la jornada'),
(50, 'quatorze.png', 'Quatorze', 'Lider del proyecto francés, expertos en la arquitectura social y solidaria'),
(51, 'acina.png', 'ACINA', 'Socio del proyecto francés, trabajan en la intermediación y seguimiento social en barrios marginales'),
(52, 'finacop.png', 'FINACOOP', 'Socio del proyecto francés, cooperativa de economía y financiación social'),
(53, 'zalab.png', 'ZALAB', 'Socio del proyecto italiano, es un laboratorio de videos y documentales sobre temas sociales'),
(54, 'medatlanta.jpg', 'MedAtlantia', 'Coordinadoras del proyecto'),
(55, 'atodavela.jpg', 'A toda vela', 'Ejecución en Andalucía'),
(56, 'unesco.png', 'UNESCO Perú', 'Coordinación general de las entida- des principales y encargado de la ar- ticulación de la caja de herramientas'),
(57, 'oit.jpg', 'OIT: Organización Internacional del Trabajo', 'Creación y revisión de las guías que forman la caja de herramientas'),
(58, 'unfpa.jpg', 'UNFPA: Fondo', 'Coordinación de las entidades que participan en la caja de herramientas');

-- --------------------------------------------------------

--
-- Table structure for table `impacto`
--

CREATE TABLE `impacto` (
  `id_impacto` int(3) UNSIGNED NOT NULL,
  `numero` varchar(10) COLLATE utf8_spanish2_ci NOT NULL,
  `descripcion` varchar(250) COLLATE utf8_spanish2_ci NOT NULL
) ENGINE=InnoDB DEFAULT CHARSET=utf8 COLLATE=utf8_spanish2_ci;

--
-- Dumping data for table `impacto`
--

INSERT INTO `impacto` (`id_impacto`, `numero`, `descripcion`) VALUES
(1, '5', 'países involucrados'),
(2, '450', 'usuarios con discapacidad'),
(3, '150', 'empresas involucradas'),
(4, '5', 'proyectos emprendedores generados'),
(5, '5', 'entidades sociales impactadas'),
(6, '5', 'proyectos emprendedores sociales'),
(7, '+150', 'personas involucradas'),
(8, '2', 'beneficiarios de fondos europeos'),
(9, '1', 'agente relacionado con fondos europeos'),
(10, '1', 'representante del Ayuntamiento Alicante'),
(11, '30', 'personas interesadas en los fondos\r\n'),
(12, '406', 'mil euros de financiación europea conseguidos para la Diputación de Alicante en los dos últimos años'),
(13, '100', 'personas participaron en el evento y jornadas de innovación social'),
(14, '50', 'entidades participaron en el evento y jornadas de innovación social'),
(15, '8,6', 'fue la valoración de las entidades asistentes'),
(16, '43', 'personas completaron el curso online'),
(17, '100%', 'dijo que mejoró su capacidad para ofrecer mejores servicios básicos'),
(18, '15', 'notas en diferentes medios tras la presentación oficial en el Parlamento Europeo'),
(19, '+150', 'personas involucradas en los eventos multiplicadores'),
(20, '15', 'orientadores formados'),
(21, '6', 'proyectos creados a partir de las mentorías'),
(22, '80', 'usuarios han sido receptores'),
(23, '25', 'orientadores han sido receptores'),
(24, '20', 'trabajadores directamente implicadas en el proyecto.'),
(25, '2', 'ediciones de cursos realizadas'),
(26, '18', 'nuevos preparadores'),
(27, '12', 'emprendedores fueron mentorizados y se trató de aportar para encauzar sus proyectos'),
(28, '15', 'asistentes a la jornada de presentación sobre financiación europea'),
(29, '2/13', 'personas con itinerario de emprendimiento'),
(30, '2/13', 'personas continúan con una planificación de formación'),
(31, '8/13', 'personas itinerario de practicas no laborables y 5 de ellas han recibido una oferta de trabajo'),
(32, '50', 'personas de toda España pudieron compartir su percepción.'),
(33, '30', 'empresas de toda España compartieron su experiencia.'),
(34, '215', 'jóvenes de toda la provincia han participado'),
(35, '30', 'expertos y políticos han participado'),
(36, '5', 'empresas colaboradoras trabajando por un mismo objetivo.'),
(37, '3', 'países compartiendo ideas y metodologías.'),
(38, '80', 'personas formadas'),
(39, '2', 'Comunidades Autónomas impactadas'),
(40, '20', 'participantes insertados'),
(41, '4', 'proyectos emprendedores'),
(42, '4', 'guías creadas'),
(43, '1', 'mapa de institutos de formación creado');

-- --------------------------------------------------------

--
-- Table structure for table `lineas`
--

CREATE TABLE `lineas` (
  `id_lineas` int(3) UNSIGNED NOT NULL,
  `lineas_icono` varchar(250) COLLATE utf8_spanish2_ci NOT NULL
) ENGINE=InnoDB DEFAULT CHARSET=utf8 COLLATE=utf8_spanish2_ci;

--
-- Dumping data for table `lineas`
--

INSERT INTO `lineas` (`id_lineas`, `lineas_icono`) VALUES
(1, 'iconoslineas-01.png'),
(2, 'iconoslineas-02.png'),
(3, 'iconoslineas-03.png'),
(4, 'iconoslineas-04.png'),
(5, 'iconoslineas-05.png'),
(6, 'iconoslineas-06.png');

-- --------------------------------------------------------

--
-- Table structure for table `objetivos`
--

CREATE TABLE `objetivos` (
  `id_objetivos` int(3) NOT NULL,
  `objetivos_iconos` varchar(250) COLLATE utf8_spanish2_ci NOT NULL
) ENGINE=InnoDB DEFAULT CHARSET=utf8 COLLATE=utf8_spanish2_ci;

--
-- Dumping data for table `objetivos`
--

INSERT INTO `objetivos` (`id_objetivos`, `objetivos_iconos`) VALUES
(1, 'sdg-es-01.png'),
(2, 'sdg-es-02.png'),
(3, 'sdg-es-03.png'),
(4, 'sdg-es-04.png'),
(5, 'sdg-es-05.png'),
(6, 'sdg-es-06.png'),
(7, 'sdg-es-07.png'),
(8, 'sdg-es-08.png'),
(9, 'sdg-es-09.png'),
(10, 'sdg-es-10.png'),
(11, 'sdg-es-11.png'),
(12, 'sdg-es-12.png'),
(13, 'sdg-es-13.png'),
(14, 'sdg-es-14.png'),
(15, 'sdg-es-15.png'),
(16, 'sdg-es-16.png'),
(17, 'sdg-es-17.png'),
(18, 'sdg-es-18.png');

-- --------------------------------------------------------

--
-- Table structure for table `proyectos`
--

CREATE TABLE `proyectos` (
  `id_pro` int(3) UNSIGNED NOT NULL,
  `id_ubicacion` int(3) NOT NULL,
  `titulo` varchar(250) COLLATE utf8_spanish2_ci NOT NULL,
  `subtitulo` varchar(250) COLLATE utf8_spanish2_ci NOT NULL,
  `descripcion` text COLLATE utf8_spanish2_ci NOT NULL,
  `imagen_proyecto` varchar(250) COLLATE utf8_spanish2_ci NOT NULL,
  `localizacion_texto` varchar(250) COLLATE utf8_spanish2_ci NOT NULL,
  `localizacion_img` varchar(250) COLLATE utf8_spanish2_ci NOT NULL,
  `objetivos_texto` text COLLATE utf8_spanish2_ci NOT NULL,
  `redagentes_img` varchar(30) COLLATE utf8_spanish2_ci NOT NULL,
  `impacto_texto` text COLLATE utf8_spanish2_ci NOT NULL,
  `pie_imagen` varchar(30) COLLATE utf8_spanish2_ci NOT NULL
) ENGINE=InnoDB DEFAULT CHARSET=utf8 COLLATE=utf8_spanish2_ci;

--
-- Dumping data for table `proyectos`
--

INSERT INTO `proyectos` (`id_pro`, `id_ubicacion`, `titulo`, `subtitulo`, `descripcion`, `imagen_proyecto`, `localizacion_texto`, `localizacion_img`, `objetivos_texto`, `redagentes_img`, `impacto_texto`, `pie_imagen`) VALUES
(1, 3, 'Employability+', 'Generando una guía que recoja las mejores prácticas y conclusiones de contratación e inclusión de personas jóvenes con discapacidad.', 'El proyecto, que se encaja en la línea Erasmus + KA202, tiene como objetivo identificar los obstáculos que los jóvenes con discapacidad se enfrentan en la búsqueda de empleo, en los proceso de contratación e inclusión en sus puestos de trabajo, para generar un guía que recoja las mejores prácticas que visualicen el mejor camino para la inclusión de colectivos con discapacidad.', 'employability.jpg', 'España, Alemania e Inglaterra', 'ubi_espanaalemaniainglaterra.jpg', 'Identificar las necesidades principales de los jóvenes con discapacidad a la hora de acceder al mercado laboral.\r\n\r\nRecopilar buenas prácticas de empresas de inclusión que se estén llevando a cabo para difundirlas con el resto de países europeos', 'agentes-01.jpg', '“Hemos conseguido identificar obstáculos y retos comunes que se dan en la inserción sociolaboral de personas con discapacidad de tres países diferentes, generando un book de buenas prácticas aplicables en los contestos de los países involucrados”', 'pie1.jpg'),
(2, 1, 'Alicante Innovación Social', 'Conectando y potenciando emprendimientos con impacto social', 'El proyecto tiene como objetivo generar un puente entre emprendedores e iniciativas con potencial de impacto social con entidades y agentes que operan en el tercer sector, con el fin de apoyar el desarrollo de la iniciativa seleccionada durante el proceso. Además, el proyecto también hará partícipes a empresas que quieran conectarse con iniciativas que puedan ayudarles a aumentar su impacto social.\r\n\r\nLa iniciativa tendió un puente entre los emprendedores y las entidades sociales con el objetivo de generar un vínculo win-win que terminase impactando a los usuarios.', 'impactosocial.jpg', 'Alicante, España', 'ubi_alicante.jpg', 'Conectar el mundo de emprendimiento con el tercer sector.\r\n\r\nCapacitar a técnicos de entidades sociales en la creación de valor y gestión de proyectos emprendedores.\r\n\r\nIncubar un proyecto emprendedor junto con la entidad social seleccionada', 'agentes-02.jpg', '“Un proyecto de regalos sostenibles”\r\n<b>Diario Información</b>\r\n\r\n\"Ha sido un proyecto con un formato muy innovador que nos ha permitido generar alianzas de valor y nuevas oportunidades”\r\n<b>ADACEA </b>\r\n\r\n“Nos ha ayudado a cambiar el paradigma que teníamos respecto a cómo podíamos apoyar al mundo social”\r\n<b>Aguas de Alicante</b>', 'pie2.jpg'),
(3, 1, 'Europa Creativa', 'Evento de financiación europea para proyectos culturales y creativos ', 'Jornada organizada por Fundación Emplea para la ADL de Alicante para dar a conocer al colectivo cultural y creativo de Alicante y de la provincia las oportunidades de financiación europea.', 'europacreativa.jpg', 'Espacio cultural Las Cigarreras, Alicante, España.', 'ubi_alicante.jpg', 'Acercar la financiación europea al sector cultural y creativo de Alicante\r\n\r\nHacerles ver las oportunidades que puedan tener y animarles\r\n\r\nConectarles con otros agentes del sector que puedan estar en su parecida situación y que anteriormente hayan solicitado estos fondos', 'agentes-03.jpg', '“Nos ha puesto en el camino de una herramienta como son las diferentes líneas de financiación para proyectos culturales.”\r\n<b>Usuarios participantes</b>\r\n\r\n“Contar con este tipo de herramientas nos facilita el poder apoyar y hacer crecer el sector del emprendimiento cultural.”\r\n<b>Representante Ayuntamiento de Alicante</b>', 'pie3.jpg'),
(4, 1, 'Oficina técnica de la Diputación de Alicante', '\r\nDesarrollo de actividades e iniciativas de innovación social ligadas a los Fondos Europeos en la región de Alicante ', 'Fundación Emplea realizó, como oficina técnica para Fondos Europeos de la Diputación de Alicante, acciones que acercaban a la red de entidades sociales a la realidad de los fondos Europeos.\r\n\r\nPor un lado, se realizó una formación para un total del 19 entidades de la región donde se trabajó en proyectos y necesidades con- cretas, generando proyectos comunes. Además, las entidades que fueron formadas para generar o desarrollar proyectos propios, tuvieron la oportunidad de conocer más proyectos, agentes y buenas prácticas en el evento de networking que se llevó a cabo. Además, se presentaron 2 proyectos de impacto en la región de Alicante', 'oficinatecnica.jpg', 'Alicante, Comunidad Valenciana', 'ubi_alicante.jpg', 'Solicitar Proyectos financiados con Fondos Europeos de impacto en la región de Alicante.\r\n\r\nOfrecer, a la red de entidades de innovación social de Alicante, una vía de acceso a financiaciones Europeas', 'agentes-04.jpg', 'Las entidades que fueron formadas para generar o desarrollar proyectos propios, tuvieron la oportunidad de conocer más proyectos, agentes y buenas prácticas en el evento de networking que se llevó a cabo. Además, se presentaron 2 proyectos de impacto en la región de Alicante.', 'pie4.jpg'),
(5, 3, 'NEWSCAT', 'Proyecto Europeo Erasmus + NEWSCAT ( Nuevas Competencias para el Turismo Accesible Personalizado) Subtítulo del proyecto Subtítulo del proyecto Subtítulo del proyecto)', 'NEWSCAT es un proyecto financiado por Erasmus + en el marco de la Acción Clave 2: Cooperación para la innovación y el intercambio de buenas prácticas. Reúne a organizaciones con diferentes y complementarias experiencia (organismos de investigación, organizaciones de proveedores de servicios, entidades sociales y entidades públicas.) con el fin de aumentar las competencias de los profesionales del sector turístico para hacer frente a la demanda turística diversificada de las personas con discapacidad. El proyecto ha proporcionado herramien- tas y metodologías para mejorar las habilidades y competencias de los guías turísticos y otros profesionales del sector turístico para hacer frente a las nuevas demandas y requerimientos de los clientes, específicamente los derivados de la creciente proporción de clientes poten- ciales con necesidades especiales (como personas con discapacidad o personas mayores) que demandan un servicio personalizado para cubrir sus necesidades individuales para cubrir sus necesidades individuales', 'newscat.jpg', 'España, Bélgica, Holanda, Letonia, Bulgaria, Italia', 'ubi_varioseuropa.jpg', 'Potenciar el turismo accesible generan- do un impacto positivo en el destino.\r\n\r\nCubir falta de servicios de proximidad de alta calidad personalizados reales para estos clientes con necesidades especiales.\r\n\r\nFormar a profesionales con un conocimiento de los recursos de la región para que diseñen las soluciones más convenientes para los clientes.', 'agentes-05.jpg', '<b>A nivel local,</b> más profesionales involucrados en turismo accesible han mejorado sus com- petencias y actualmente las tienen para poder ofrecer servicios personalizados exitosos.\r\n\r\n<b>A nivel europeo </b>se ha hecho una llamada, gra- cias ha esto más territorios ven la necesidad de ofrecer servicios turísticos accesibles y personalizados.', 'pie5.jpg'),
(6, 4, 'Colaboración con Servicio Navarro de Empleo', '\r\nProyecto que pretende impactar en las metodologías de trabajo del Servicio Navarro de Empleo.', 'El proyecto pretende apoyar técnicamente al Servicio Navarro de Empleo para mejorar diferentes estructuras internas, modernizando su funcionamiento y capacitando a su personal de orientación. Para ello hemos incidido en tres actividades clave: asesoría en diseño de nuevas metodologías de trabajo, apoyo en el diseño de un experto universitario en orientación laboral y mentoría a todo el equipo de orientación para el aprendizaje por proyectos.', 'empleonavarra.jpg', 'Pamplona, Navarra', 'ubi_navarra.jpg', 'Diseñar nuevas metodologías para el empleo y la orientación\r\n\r\nMejorar la formación de los técnicos en orientación\r\n\r\nAcompañar en el desarrollo de proyectos', 'agentes-06.jpg', 'Ha sido un continuo descubrimiento de habili- dades, un empoderamiento y un gran impulso hacia adelante.\r\nCooperación, contracto con mis compañeras, aprendizaje mutuo, valoración de las capacidades de todos, devolver protagonismo a las usuarias.\r\nTrabajo en equipo, aportación entre compañe- ros, novedad, innovación, más comunicación, los liderazgos dentro del equipo.', 'pie6.jpg'),
(7, 5, 'Curso Empleo con Apoyo Onnline', 'Curso básico de Empleo con Apoyo para favorecer la inclusión laboral de personas en situación de exclusión social', 'Promovido por Plena Inclusión Murcia (antes Feaps Región de Murcia), colaborando en su organización y acreditación la Fundación Emplea , e impartido por profesionales con dilatada experiencia en este campo en el formato e—learning.  ', 'onlineclases.jpg', 'Online, alcance global', 'ubi_online.jpg', 'Formar a profesionales acreditados en materia de Empleo con Apoyo\r\n\r\nOfrecer un formato online disponible para alumnos de todo el mundo', 'agentes-07.jpg', 'Es un curso de doce unidades didácticas, que representan una exigencia de 100 horas teóricas, y si se lleva un caso desde el principio, con una persona de referencia, certificaríamos, además, 100 horas de practicas, distribuidas en un temario que contempla todas las fases del empleo con apoyo y los procedimientos de seguimiento individualizado.', 'pie7.jpg'),
(8, 1, 'Impulsa Cultura', 'Apoyo en las mentorías del programa Impulsa Cultura en vías de financiación.', 'Impulsa Cultura es el programa de la ADL de Alicante de la cual monitoriza y ayuda a emprendedores creativos a desarrollar sus proyectos y negocios. Dentro de este programa tienen diferentes ayudas, mentorías y formaciones. Fundación Emplea ha participa- do en el proyecto dando una formación sobre financiación europea y a través de mentorías individuales que se han llevado a cabo con los emprendedores creativos que trabajan en el programa en los que se les ha asesorado en vías y posibilidades de financiación que cada uno pueda tener.', 'ayuda.jpg', 'Alicante, Comunidad Valenciana', 'ubi_alicante.jpg', 'Hacer entender las posibilidades de financiación que puedan tener a los emprendedores.\r\n\r\nHacer que empiecen a planificar de cara al futuro, pero que tengan los pies en la tierra, teniendo claras sus posibilidades', 'agentes-08.jpg', 'Aunque la financiación europea a muchos de ellos les queda aún lejos, el saber el espectro de las posibilidades les ayudó a ser realistas, a ver que tienen que seguir desarrollando sus proyectos y que tienen que empezar por estabilizar ciertos aspectos.\r\n\r\nLes hizo también pensar y darse cuenta que no pueden avanzar solos, que tienen que co- laborar con otros agentes más grandes y que muchas veces gracias a esas colaboraciones pueden llegar a acceder a estas financiaciones y posibles fondos o proyectos.', 'pie8.jpg'),
(9, 4, 'Trebelan', 'Programa de activación de inserción laboral de personas mayores de 45 años y paradas de larga duración.', 'Este programa coordinado y ejecutado por Fundación Emplea junto con la agencia de desarrollo local Bidasoa Activa, es pionero por la metodología innovadora utilizada. La metodología basada en el aprendizaje por proyectos y en el emprendimiento en equipo, se trabajó con usuarios con problemas de inserción laboral debido a su largo periodo fuera del mercado.', 'trebelan.jpg', 'Comarca de Bidasoa', 'ubi_bidasoa.jpg', 'Mejorar la empleabilidad de los colectivos en situación o riesgo de exclusión social mediante el intraemprendimiento.\r\n\r\nUtilizar el programa como mecanismo de cola- boración con agentes de la zona.\r\n\r\nPotenciar el talento de cada participante para mejorar su autonomía personal y profesional.\r\n\r\nArrancar un programa que acompañe el desarro- llo de un proyecto estratégico en el entorno de Bidasoa\r\n  \r\n\r\n', 'agentes-09.jpg', '<b>Valoraciones de usuarios:</b>\r\nHan intentado sacar lo mejor de mí. Yo creo que he aprendido cosas que no sabia que exis- tían. Para mi es muy recomendable el curso.\r\n\r\nExcelente. La organización y las explicación de las dinámicas y ejercicios muy buenos.', 'pie9.jpg'),
(10, 3, 'DESC2', 'Garantizar la trayectoria profesional y la igualdad de oportunidades de jóvenes con discapacidad en Europa.', 'Entre las muchas soluciones existentes para combatir los estereotipos y garantizar el empleo y la carrera profesional de las perso- nas con discapacidad, está el enfoque del empleo con apoyo y otras parecidas metodologías de empleo inclusivo, que se han ido convirtiendo poco a poco en un medio popular de integración en el mercado laboral.\r\n\r\nDESC2 es un proyecto financiado por el fondo social europeo mediante la línea de Erasmus+, donde somos socios junto a otros dos socios (EASPD, scola viva) y un líder, LADAPT. El objetivo es lograr/fomentar la seguridad en el empleo de los jóvenes.', 'desc2.jpg', 'España, Francia, Italia y Bélgica', 'ubi_espanafrancia.jpg', 'Reunir buenas prácticas y elaborar un método de evaluación.\r\n\r\nCrear una metodología de evaluación para validar la eficacia y el impacto del empleo con apoyo y otras metodologías de empleo inclusivo\r\n\r\nRecoger datos sobre las percepciones en lo que respecta al empleo con apoyo.\r\n\r\nLograr la sostenibilidad de iniciativas y eventos como la semana europea del empleo de las personas con discapacidad', 'agentes-10.jpg', 'Se ha desarrollado una metodología de evaluación\r\n\r\nGracias al proyecto se ha desarrollado la red europea de colaboradores', 'pie10.jpg'),
(11, 1, 'DIALOG-A', 'Participación Juvenil en la construcción de política pública municipal en la procincia alicantinaa.', 'Este proyecto, perteneciente al programa Erasmus+ KA3 y concedido a la Diputación de Alicante, trata de 6 encuentros de diálogo que se ejecutan en distintas localidades de la provincia de alicante, donde se ha buscado escuchar a los jóvenes y activar su participación cívica mediante encuentros en los que comparten su opinión junto a otros expertos y políticos', 'hablar.jpg', 'Provincia de Alicante: Alicante, Alcoy, Calpe, Orihuela, Elda, Benidorm.', 'ubi_alicante.jpg', 'Hacer partícipes a los jóvenes en las políticas.\r\n\r\nDar respuesta a necesidades del territorio entre los diversos agentes de la comunidad.\r\n\r\nGenerar cuadros de diálogo participativos que identifiquen necesidades y vuelquen soluciones desde diferentes perspectivas', 'agentes-11.jpg', '<b>Valoración jóvenes</b>\r\nNos hemos sentido escuchados y hemos podido comprobar que las políticas son de todas las personas pudiendo hacerlo a través de la participación y el diálogo en jornadas como estas.\r\n\r\n<b>Valoración políticos</b>\r\nObservamos la inquietud de nuestros jóvenes y las diferentes maneras de plantear soluciones factibles a través de dinámicas como las de las mesas de diálogo que sirven como filtros hasta que se posa las posibles soluciones', 'pie11.jpg'),
(12, 3, 'PASI, Participatory Action for Social Inclusion', 'Proyecto Erasmus + KA202 que pretende recoger buenas prácticas y herramientas para la inclusión social', 'Un proyecto E rasmus + KA202 liderado por Quatorze, entidad francesa, y en el que participan socios franceses, españoles e italianos del sector social y con expertise en diversos ámbitos como en arquitectura, audiovisual, financiación, etc.\r\nEl objetivo del proyecto es crear una guía en el que se describen casos prácticos y herramientas participativas que se aplican para mejorar la inclusión social de personas en riesgo de exclusión. Comienza en 2019 y tiene una duración de 2 años.', 'inclusion.jpg', 'Alicante(España) Padua(Italia) y París(Francia)', 'ubi_espanafrancia.jpg', 'Definir los elementos claves de buenas practicas en procesos participativos\r\n\r\nDefinir metodologias participativas para los contextos precarios\r\n\r\nPromover un enfoque interdisciplinar sobre la pedagogía a través de la participación', 'agentes-12.jpg', 'Promover un enfoque interdisciplinar sobre la pedagogia a través de la participación', 'pie12.jpg');

-- --------------------------------------------------------

--
-- Table structure for table `pro_agentes`
--

CREATE TABLE `pro_agentes` (
  `id_pro` int(3) NOT NULL,
  `id_agentes` int(3) NOT NULL
) ENGINE=InnoDB DEFAULT CHARSET=utf8 COLLATE=utf8_spanish2_ci;

--
-- Dumping data for table `pro_agentes`
--

INSERT INTO `pro_agentes` (`id_pro`, `id_agentes`) VALUES
(1, 1),
(1, 2),
(1, 3),
(2, 4),
(2, 5),
(2, 6),
(2, 7),
(2, 8),
(2, 9),
(2, 10),
(2, 11),
(2, 12),
(2, 13),
(3, 14),
(3, 15),
(3, 16),
(3, 17),
(4, 18),
(4, 19),
(4, 20),
(4, 21),
(5, 22),
(5, 23),
(5, 24),
(5, 25),
(5, 26),
(5, 27),
(5, 28),
(5, 29),
(5, 30),
(6, 31),
(7, 32),
(8, 33),
(8, 34),
(9, 35),
(9, 36),
(10, 37),
(10, 38),
(10, 39),
(11, 40),
(11, 41),
(11, 42),
(11, 43),
(11, 44),
(11, 45),
(11, 46),
(11, 47),
(11, 48),
(11, 49),
(12, 50),
(12, 51),
(12, 52),
(12, 53),
(13, 54),
(13, 55),
(14, 56),
(14, 57),
(14, 58);

-- --------------------------------------------------------

--
-- Table structure for table `pro_impacto`
--

CREATE TABLE `pro_impacto` (
  `id_pro` int(3) NOT NULL,
  `id_impacto` int(3) NOT NULL
) ENGINE=InnoDB DEFAULT CHARSET=utf8 COLLATE=utf8_spanish2_ci;

--
-- Dumping data for table `pro_impacto`
--

INSERT INTO `pro_impacto` (`id_pro`, `id_impacto`) VALUES
(1, 1),
(1, 2),
(1, 3),
(2, 4),
(2, 5),
(2, 6),
(2, 7),
(3, 8),
(3, 9),
(3, 10),
(3, 11),
(4, 12),
(4, 13),
(4, 14),
(4, 15),
(5, 16),
(5, 17),
(5, 18),
(5, 19),
(6, 20),
(6, 21),
(6, 22),
(6, 23),
(6, 24),
(7, 25),
(7, 26),
(8, 27),
(8, 28),
(9, 29),
(9, 30),
(9, 31),
(10, 32),
(10, 33),
(11, 34),
(11, 35),
(12, 36),
(12, 37),
(13, 38),
(13, 39),
(13, 40),
(13, 41),
(14, 42),
(14, 43);

-- --------------------------------------------------------

--
-- Table structure for table `pro_lineas`
--

CREATE TABLE `pro_lineas` (
  `id_pro` int(3) NOT NULL,
  `id_lineas` int(3) NOT NULL,
  `texto_lineas` varchar(300) COLLATE utf8_spanish2_ci NOT NULL
) ENGINE=InnoDB DEFAULT CHARSET=utf8 COLLATE=utf8_spanish2_ci;

--
-- Dumping data for table `pro_lineas`
--

INSERT INTO `pro_lineas` (`id_pro`, `id_lineas`, `texto_lineas`) VALUES
(1, 1, 'Análisis y estudio del mercado laboral nacional centrado en personas con discapacidad. Detección de la problemática y dificultades existentes durante todo el proceso laboral al que se enfrentan los usuarios.'),
(1, 4, 'Ejecución de las dinámicas de trabajo planteadas por el proyecto y coordinadores del plan de diseminación.'),
(1, 5, 'Compartir con el resto de entidades del proyecto los conocimientos y buenas prácticas detectadas para la inclusión sociolaboral de colectivos.'),
(2, 2, 'Se prestó apoyo a las entidades sociales y emprendedores participantes para crear una propuesta de valor conjunta que iniciasen a través de una colaboración.'),
(2, 5, 'Todas las entidades sociales participantes han vivido un proceso emprendedor mentorizado mediante el que han adquirido los conocimientos y herramientas que les permitirán desarrollar nuevos proyectos de empleo desde sus entidades.'),
(3, 1, 'Se analiza que hay poco conocimiento de las entidades y emprendedores culturales sobre financiación y gestión Europea. Se identifica pocas iniciativas que cuenten con estos fondos debido a lo complicado de gestionarlas.'),
(3, 4, 'Todas las entidades sociales participantes han vivido un proceso emprendedor mentorizado mediante el que han adquirido los conocimientos y herramientas que les permitirán desarrollar nuevos proyectos de empleo desde sus entidades.'),
(4, 1, 'Nos reunimos con agentes clave dentro de Diputación para obtener las necesidades existentes a la hora de diseñar los proyectos.'),
(4, 2, 'Diseñamos los proyectos que posteriormente serán presentados a convocatorias de Fondos Europeos.'),
(4, 3, 'Los cuatro proyectos entregados en los últimos 2 años han sido beneficiarios de financiacion europea'),
(5, 1, 'Se identifica la falta de una conciencia dentro de los profesionales y responsables políticos sobre la necesidad de convertir sus destinos turísticos en unos mucho más accesibles y personalizados'),
(5, 4, 'Se diseña y ejecuta un proyecto Erasmus+ con socios eu- ropeos. Se crea un curso online para los profesionales del sector y una guía para responsables políticos y de toma de decisiones que les ayude a implementar una estrate- gia de turismo personalizado y accesible en sus guías.'),
(5, 5, 'Se ha transferido el conocimiento a unas 40-50 personas, profesionales del sector de los previos países turísticos, de forma directa y también a escuelas de guías y a otros agentes del sector'),
(6, 2, 'Contextualización y fundamentación del servicio de orientación'),
(6, 4, 'Programa de mentorías con la metodo- logía aprendizaje basado en proyectos'),
(6, 5, 'Se les comparte la metodología y después ellos los aplican en los proyectos creados en las mentorías'),
(7, 2, 'Se diseña una formación en base a las necesidades del mercado laboral y del colectivo de personas con discapacidad. Además se adapta a un formato extensible y globalizado que es el e-learning.'),
(7, 5, 'Se imparte el curso sobre empleo con apoyo y se acredita con un certificado'),
(8, 4, 'Se han ejecutado las mentorías para los emprendedores participantes.'),
(8, 5, 'Se abrió a los mentorizados la posibilidad de financiar sus proyectos con Fondos Europeos'),
(9, 2, 'Se identifica que no hay programas ni formatos que den respuesta a las personas desempleadas que estén fuera del mercado laboral. Por lo que se diseña un programa con una metodología innovadora.'),
(9, 5, 'Se ejecuta el programa en su totalidad. Diseño de la formación y ejecución.'),
(10, 1, 'El proyecto DESC, antecesor del actual DESC2, arrojó una serie de necesidades detectadas por el consorcio de aquel proyecto que han servido para escribir este DESC2'),
(10, 2, 'Se diseñaron los tres años de ejecución al inicio, tomando Fundación Emplea parte activa en el proceso.'),
(10, 4, 'Actualmente el proyecto se encuentra en el tercer año de ejecución.'),
(11, 1, 'Identificamos las diferentes maneras de afrontar una necesidad desde la perspectiva de los diferentes agentes pero lo positivo del diálogo y la proactividad por aportar al final una solución común.'),
(11, 4, 'Se ejecuta el programa en su totalidad. Diseño de las jornadas, ejecución y evaluación.'),
(11, 5, 'En el propio diálogo existe una retroalimentación de co- nocimientos entre todos los agentes implicados sobre el tema a tratar. Es un programa que gusta, y al final la Diputación nos solicita pedir de nuevo esta subvención para ejecutarla en 2020.'),
(12, 4, 'Se ejecuta el proyecto siguiendo la estructura propuesta y aprobada'),
(12, 5, 'En los productos desarrollados y en las reuniones con los socios se transfiere conocimiento sobre metodologías, bue- nas practicas'),
(13, 2, 'Apoyo al equipo coordinador del proyecto en el diseño estratégico para su ejecución exitosa y efectiva'),
(13, 4, 'Ejecución de los itinerarios formativos del proyecto'),
(14, 2, 'Se diseña y se redactan las guías de la caja de herramientas, para que sean otras personas quienes posteriormente las utilicen.');

-- --------------------------------------------------------

--
-- Table structure for table `pro_objetivos`
--

CREATE TABLE `pro_objetivos` (
  `id_pro` int(3) NOT NULL,
  `id_objetivos` int(3) NOT NULL
) ENGINE=InnoDB DEFAULT CHARSET=utf8 COLLATE=utf8_spanish2_ci;

--
-- Dumping data for table `pro_objetivos`
--

INSERT INTO `pro_objetivos` (`id_pro`, `id_objetivos`) VALUES
(1, 4),
(1, 8),
(1, 10),
(1, 17),
(1, 18),
(2, 1),
(2, 3),
(2, 4),
(2, 5),
(2, 7),
(2, 8),
(2, 9),
(2, 10),
(2, 11),
(2, 12),
(2, 13),
(2, 17),
(2, 18),
(3, 8),
(3, 9),
(3, 17),
(3, 18),
(4, 18),
(4, 4),
(4, 8),
(5, 18),
(5, 3),
(5, 8),
(5, 9),
(5, 10),
(5, 11),
(5, 12),
(5, 17),
(6, 18),
(6, 1),
(6, 4),
(6, 8),
(7, 18),
(7, 1),
(7, 10),
(7, 17),
(8, 18),
(8, 8),
(8, 17),
(9, 18),
(9, 1),
(9, 8),
(9, 10),
(10, 18),
(10, 1),
(10, 3),
(10, 8),
(10, 10),
(10, 17),
(11, 18),
(11, 4),
(11, 6),
(11, 7),
(11, 8),
(11, 9),
(11, 11),
(11, 12),
(11, 13),
(11, 17),
(12, 18),
(12, 1),
(12, 10),
(12, 17),
(13, 1),
(13, 4),
(13, 6),
(13, 7),
(13, 8),
(13, 10),
(13, 11),
(13, 12),
(13, 13),
(13, 14),
(13, 15),
(13, 17),
(13, 18),
(14, 18),
(14, 8),
(14, 10);

-- --------------------------------------------------------

--
-- Table structure for table `servicios`
--

CREATE TABLE `servicios` (
  `id_servicios` int(10) UNSIGNED NOT NULL,
  `titulo` varchar(250) COLLATE utf8_spanish2_ci NOT NULL,
  `quees` longtext COLLATE utf8_spanish2_ci NOT NULL,
  `dirigido` longtext COLLATE utf8_spanish2_ci NOT NULL,
  `imagen_servicio` varchar(250) COLLATE utf8_spanish2_ci NOT NULL,
  `publicado` tinyint(2) NOT NULL
) ENGINE=InnoDB DEFAULT CHARSET=utf8 COLLATE=utf8_spanish2_ci;

--
-- Dumping data for table `servicios`
--

INSERT INTO `servicios` (`id_servicios`, `titulo`, `quees`, `dirigido`, `imagen_servicio`, `publicado`) VALUES
(1, 'Oficina Técnica para entidades y administraciones', 'Un servicio de apoyo integral para desarrollar proyectos sociales. Desde la ideación del proyecto en base a la necesidad, la financiación, hasta la coordinación, gestión y justificación de las acciones, Fundación Emplea apoya a las entidades en el punto necesario del proyecto para que los objetivos del mismo y su consecuente impacto social, se conviertan en una realidad.', '1-A entidades sociales que carecen de recursos, conocimiento o, en muchos casos, tiempo y personal necesario para desarrollar un proyecto que responda a las necesidades de la organización.\r\n\r\n2-A administraciones públicas que quieren impactar positivamente en un territorio. Dentro de las oficinas técnicas, la Oficina técnica de Fondos Europeos para administración está resultando muy útil para nuestros clientes. Durante el espacio de un año, Fundación Emplea analiza las necesidades del municipio o región para proponer proyectos de impacto social que sean financiados, posteriormente, con Fondos Europeos.', 'servicio1.jpg', 1),
(2, 'Metodología de activación para el empleo.', 'Una metodología propia de activación para el empleo, combinando el aprendizaje basado en proyectos y el emprendimiento, orientados a un proceso de empleo y empleabilidad. Este proceso se fundamenta en el emprendimiento como medio de capacitación e inclusión sociolaboral. Con resultados satisfactorios y testeados en las regiones de País Vasco y Navarra, Fundación Emplea presenta dos tipo de programa:\r\n\r\n1-Programa activación: 5 sesiones de duración, en formato online y offline\r\n\r\n2-Trebelan: Duración de 150H', 'Es una acción que lanzamos con ADLs, servicios de empleo o ayuntamientos, y los participantes y beneficiados con personas que por su situación se encuentran en riesgo de exclusión sociolaboral.', 'servicio2.jpg', 1);

-- --------------------------------------------------------

--
-- Table structure for table `ubicacion`
--

CREATE TABLE `ubicacion` (
  `id_ubicacion` int(3) UNSIGNED NOT NULL,
  `nombre_ubicacion` varchar(250) COLLATE utf8_spanish2_ci NOT NULL,
  `color` varchar(250) COLLATE utf8_spanish2_ci NOT NULL
) ENGINE=InnoDB DEFAULT CHARSET=utf8 COLLATE=utf8_spanish2_ci;

--
-- Dumping data for table `ubicacion`
--

INSERT INTO `ubicacion` (`id_ubicacion`, `nombre_ubicacion`, `color`) VALUES
(1, 'Alicante', 'red'),
(2, 'Latinoamérica', 'red'),
(3, 'Europa', 'red'),
(4, 'Otras regiones', 'red'),
(5, 'Online', 'red');

--
-- Indexes for dumped tables
--

--
-- Indexes for table `adminacceso`
--
ALTER TABLE `adminacceso`
  ADD PRIMARY KEY (`id`);

--
-- Indexes for table `agentes`
--
ALTER TABLE `agentes`
  ADD PRIMARY KEY (`id_agentes`);

--
-- Indexes for table `impacto`
--
ALTER TABLE `impacto`
  ADD PRIMARY KEY (`id_impacto`);

--
-- Indexes for table `lineas`
--
ALTER TABLE `lineas`
  ADD PRIMARY KEY (`id_lineas`);

--
-- Indexes for table `objetivos`
--
ALTER TABLE `objetivos`
  ADD PRIMARY KEY (`id_objetivos`);

--
-- Indexes for table `proyectos`
--
ALTER TABLE `proyectos`
  ADD PRIMARY KEY (`id_pro`),
  ADD UNIQUE KEY `id_pro` (`id_pro`);

--
-- Indexes for table `servicios`
--
ALTER TABLE `servicios`
  ADD PRIMARY KEY (`id_servicios`);

--
-- Indexes for table `ubicacion`
--
ALTER TABLE `ubicacion`
  ADD PRIMARY KEY (`id_ubicacion`);

--
-- AUTO_INCREMENT for dumped tables
--

--
-- AUTO_INCREMENT for table `adminacceso`
--
ALTER TABLE `adminacceso`
  MODIFY `id` int(10) NOT NULL AUTO_INCREMENT, AUTO_INCREMENT=2;

--
-- AUTO_INCREMENT for table `agentes`
--
ALTER TABLE `agentes`
  MODIFY `id_agentes` int(3) UNSIGNED NOT NULL AUTO_INCREMENT, AUTO_INCREMENT=59;

--
-- AUTO_INCREMENT for table `impacto`
--
ALTER TABLE `impacto`
  MODIFY `id_impacto` int(3) UNSIGNED NOT NULL AUTO_INCREMENT, AUTO_INCREMENT=44;

--
-- AUTO_INCREMENT for table `lineas`
--
ALTER TABLE `lineas`
  MODIFY `id_lineas` int(3) UNSIGNED NOT NULL AUTO_INCREMENT, AUTO_INCREMENT=7;

--
-- AUTO_INCREMENT for table `objetivos`
--
ALTER TABLE `objetivos`
  MODIFY `id_objetivos` int(3) NOT NULL AUTO_INCREMENT, AUTO_INCREMENT=19;

--
-- AUTO_INCREMENT for table `proyectos`
--
ALTER TABLE `proyectos`
  MODIFY `id_pro` int(3) UNSIGNED NOT NULL AUTO_INCREMENT, AUTO_INCREMENT=13;

--
-- AUTO_INCREMENT for table `servicios`
--
ALTER TABLE `servicios`
  MODIFY `id_servicios` int(10) UNSIGNED NOT NULL AUTO_INCREMENT, AUTO_INCREMENT=3;

--
-- AUTO_INCREMENT for table `ubicacion`
--
ALTER TABLE `ubicacion`
  MODIFY `id_ubicacion` int(3) UNSIGNED NOT NULL AUTO_INCREMENT, AUTO_INCREMENT=6;

/*!40101 SET CHARACTER_SET_CLIENT=@OLD_CHARACTER_SET_CLIENT */;
/*!40101 SET CHARACTER_SET_RESULTS=@OLD_CHARACTER_SET_RESULTS */;
/*!40101 SET COLLATION_CONNECTION=@OLD_COLLATION_CONNECTION */;
